 greatest common divisor of 140 and 105?
35
Calculate the greatest common factor of 10 and 92090.
10
What is the greatest common divisor of 510 and 12495?
255
What is the highest common divisor of 1638 and 18?
18
What is the greatest common factor of 28 and 14?
14
Calculate the greatest common factor of 252 and 1372.
28
What is the highest common factor of 48 and 1077?
3
Calculate the greatest common divisor of 1258 and 34.
34
Calculate the greatest common factor of 420 and 182.
14
Calculate the greatest common divisor of 3 and 69.
3
What is the highest common divisor of 69 and 207?
69
What is the greatest common divisor of 144 and 64?
16
What is the highest common divisor of 1080 and 792?
72
What is the highest common factor of 931 and 14?
7
What is the highest common divisor of 62 and 837?
31
Calculate the greatest common divisor of 136 and 56.
8
Calculate the greatest common factor of 21 and 4683.
21
Calculate the greatest common factor of 42 and 273.
21
What is the highest common factor of 8 and 72?
8
Calculate the highest common divisor of 234 and 1794.
78
Calculate the greatest common divisor of 564 and 48.
12
Calculate the highest common factor of 146 and 292.
146
What is the greatest common divisor of 1 and 27?
1
Calculate the highest common factor of 132 and 102.
6
What is the highest common factor of 12 and 4?
4
Calculate the highest common divisor of 756 and 56.
28
Calculate the greatest common divisor of 110 and 7810.
110
What is the greatest common divisor of 21 and 84?
21
What is the greatest common factor of 105 and 26355?
105
What is the greatest common divisor of 3764 and 4?
4
What is the highest common factor of 52441 and 458?
229
What is the highest common divisor of 964 and 8?
4
Calculate the highest common factor of 968 and 8.
8
What is the greatest common factor of 216 and 810?
54
What is the highest common factor of 246 and 1599?
123
Calculate the highest common factor of 6874 and 14.
14
Calculate the greatest common divisor of 703 and 589.
19
What is the greatest common factor of 19328 and 128?
128
Calculate the greatest common divisor of 38 and 475.
19
Calculate the greatest common divisor of 2976 and 93.
93
Calculate the greatest common factor of 81 and 15957.
81
Calculate the highest common divisor of 345 and 45.
15
What is the highest common factor of 1092 and 780?
156
What is the greatest common factor of 270 and 370?
10
Calculate the greatest common factor of 200 and 2450.
50
What is the highest common divisor of 48 and 2328?
24
What is the greatest common factor of 1258 and 148?
74
What is the greatest common factor of 950 and 50?
50
What is the greatest common factor of 7 and 42?
7
What is the highest common divisor of 1032 and 96?
24
Calculate the greatest common factor of 24 and 654.
6
What is the highest common factor of 12 and 3480?
12
Calculate the greatest common factor of 384 and 12.
12
Calculate the greatest common divisor of 240 and 16.
16
Calculate the highest common factor of 108 and 675.
27
Calculate the highest common factor of 504 and 448.
56
Calculate the greatest common factor of 27 and 6.
3
What is the greatest common divisor of 1750 and 14?
14
What is the greatest common factor of 52 and 5668?
52
What is the highest common divisor of 48 and 256?
16
What is the highest common divisor of 76 and 114?
38
What is the greatest common divisor of 59048 and 22?
22
What is the highest common factor of 70 and 455?
35
What is the greatest common factor of 576 and 36?
36
Calculate the highest common divisor of 1656 and 920.
184
Calculate the greatest common divisor of 407 and 111.
37
Calculate the greatest common factor of 517 and 141.
47
What is the greatest common divisor of 240 and 7080?
120
Calculate the greatest common divisor of 1485 and 110.
55
What is the greatest common divisor of 6030 and 36?
18
What is the highest common divisor of 429 and 99?
33
What is the greatest common factor of 2 and 16?
2
Calculate the greatest common divisor of 650 and 26.
26
Calculate the greatest common factor of 101 and 30199.
101
What is the greatest common factor of 18 and 834?
6
What is the greatest common factor of 32 and 752?
16
Calculate the greatest common divisor of 18 and 81.
9
Calculate the highest common factor of 202 and 1111.
101
What is the highest common divisor of 21 and 27?
3
Calculate the highest common factor of 686 and 196.
98
What is the highest common factor of 989 and 46?
23
Calculate the highest common divisor of 12561 and 159.
159
What is the greatest common factor of 544 and 884?
68
Calculate the greatest common factor of 304 and 114.
38
Calculate the greatest common factor of 481 and 2249.
13
Calculate the highest common factor of 1508 and 52.
52
Calculate the greatest common factor of 18 and 738.
18
What is the highest common divisor of 329 and 7?
7
What is the greatest common factor of 60 and 29940?
60
Calculate the highest common divisor of 66871 and 41.
41
Calculate the highest common factor of 57 and 1539.
57
Calculate the greatest common factor of 49 and 1225.
49
What is the highest common divisor of 90 and 72?
18
What is the greatest common factor of 27 and 459?
27
What is the highest common factor of 1241 and 146?
73
Calculate the highest common divisor of 19 and 3.
1
What is the highest common divisor of 60 and 432?
12
Calculate the greatest common factor of 82 and 2.
2
Calculate the highest common divisor of 16760 and 40.
40
What is the highest common factor of 78 and 19578?
78
Calculate the highest common factor of 720 and 2016.
144
What is the greatest common divisor of 129 and 1634?
43
Calculate the greatest common factor of 88 and 572.
44
Calculate the highest common divisor of 629 and 1480.
37
What is the highest common divisor of 12 and 668?
4
Calculate the greatest common divisor of 45 and 108.
9
Calculate the greatest common divisor of 140 and 35.
35
What is the highest common divisor of 3686 and 38?
38
Calculate the highest common factor of 24 and 16.
8
What is the highest common divisor of 1012 and 12?
4
Calculate the highest common factor of 180 and 200.
20
Calculate the greatest common divisor of 1566 and 114.
6
What is the highest common factor of 17800 and 40?
40
What is the highest common divisor of 34 and 74?
2
What is the highest common factor of 35 and 2345?
35
Calculate the highest common divisor of 343 and 7.
7
Calculate the highest common factor of 385 and 440.
55
What is the highest common factor of 6 and 42?
6
What is the greatest common factor of 129 and 10750?
43
Calculate the highest common divisor of 170 and 370.
10
What is the greatest common factor of 2875 and 46?
23
What is the greatest common divisor of 52 and 650?
26
Calculate the highest common factor of 128 and 2.
2
What is the highest common divisor of 2691 and 585?
117
What is the highest common factor of 6955 and 65?
65
Calculate the highest common divisor of 24 and 16.
8
Calculate the greatest common factor of 1426 and 92.
46
What is the greatest common factor of 170 and 190?
10
Calculate the greatest common factor of 306 and 18.
18
Calculate the highest common factor of 704 and 896.
64
What is the greatest common divisor of 570 and 2622?
114
Calculate the greatest common factor of 1500 and 4.
4
Calculate the greatest common factor of 83 and 31291.
83
Calculate the greatest common divisor of 718 and 4.
2
What is the highest common divisor of 102 and 6?
6
Calculate the greatest common divisor of 5538 and 78.
78
Calculate the greatest common factor of 1034 and 188.
94
Calculate the highest common divisor of 55 and 66.
11
What is the greatest common factor of 1151 and 5?
1
Calculate the greatest common factor of 52 and 4.
4
Calculate the greatest common factor of 45 and 12735.
45
Calculate the highest common divisor of 192 and 1176.
24
Calculate the greatest common factor of 27 and 135.
27
Calculate the greatest common factor of 9 and 153.
9
Calculate the greatest common factor of 45 and 324.
9
Calculate the greatest common factor of 629 and 731.
17
Calculate the greatest common factor of 8 and 1240.
8
Calculate the greatest common divisor of 5 and 640.
5
Calculate the greatest common divisor of 889 and 56.
7
What is the highest common divisor of 36 and 4014?
18
What is the highest common fact